{"id":1845,"date":"2020-03-03T18:25:36","date_gmt":"2020-03-03T16:25:36","guid":{"rendered":"https:\/\/www.filmsoundsweden.se\/wordpress\/?page_id=1845"},"modified":"2020-07-01T20:24:21","modified_gmt":"2020-07-01T18:24:21","slug":"efsi-2","status":"publish","type":"page","link":"https:\/\/www.filmsoundsweden.se\/wordpress\/index.php\/efsi-2\/","title":{"rendered":"EFSI"},"content":{"rendered":"\n\n\t<section class=\"section\" id=\"section_45813519\">\n\t\t<div class=\"section-bg fill\" >\n\t\t\t\t\t\t\t\t\t\n\t\t\t\n\t<div class=\"is-border\"\n\t\tstyle=\"border-width:0px 0px 0px 0;\">\n\t<\/div>\n\n\t\t<\/div>\n\n\t\t\n\n\t\t<div class=\"section-content relative\">\n\t\t\t\n\n<div class=\"row row-full-width align-center\"  id=\"row-1337760360\">\n\n\n\t<div id=\"col-864744830\" class=\"col medium-8 small-12 large-6\"  >\n\t\t\t\t<div class=\"col-inner\"  >\n\t\t\t\n\t\t\t\n\n\t<div class=\"img has-hover x md-x lg-x y md-y lg-y\" id=\"image_1362988551\">\n\t\t\t\t\t\t\t\t<div class=\"img-inner dark\" style=\"margin:0px 0px 0 0px;\">\n\t\t\t<img loading=\"lazy\" decoding=\"async\" width=\"1020\" height=\"574\" src=\"https:\/\/i0.wp.com\/www.filmsoundsweden.se\/wordpress\/wp-content\/uploads\/2020\/06\/liedel-dsc1346-43-v02-2560x1707-1.jpg?fit=1020%2C574&amp;ssl=1\" class=\"attachment-large size-large\" alt=\"\" srcset=\"https:\/\/i0.wp.com\/www.filmsoundsweden.se\/wordpress\/wp-content\/uploads\/2020\/06\/liedel-dsc1346-43-v02-2560x1707-1.jpg?resize=850%2C478&amp;ssl=1 850w, https:\/\/i0.wp.com\/www.filmsoundsweden.se\/wordpress\/wp-content\/uploads\/2020\/06\/liedel-dsc1346-43-v02-2560x1707-1.jpg?resize=1200%2C675&amp;ssl=1 1200w, https:\/\/i0.wp.com\/www.filmsoundsweden.se\/wordpress\/wp-content\/uploads\/2020\/06\/liedel-dsc1346-43-v02-2560x1707-1.jpg?resize=250%2C141&amp;ssl=1 250w, https:\/\/i0.wp.com\/www.filmsoundsweden.se\/wordpress\/wp-content\/uploads\/2020\/06\/liedel-dsc1346-43-v02-2560x1707-1.jpg?zoom=2&amp;resize=1020%2C574&amp;ssl=1 2040w\" sizes=\"auto, (max-width: 1020px) 100vw, 1020px\" data-attachment-id=\"1896\" data-permalink=\"https:\/\/www.filmsoundsweden.se\/wordpress\/liedel-dsc1346-43-v02-2560x1707\/\" data-orig-file=\"https:\/\/i0.wp.com\/www.filmsoundsweden.se\/wordpress\/wp-content\/uploads\/2020\/06\/liedel-dsc1346-43-v02-2560x1707-1.jpg?fit=2420%2C1262&amp;ssl=1\" data-orig-size=\"2420,1262\" data-comments-opened=\"0\" data-image-meta=\"{&quot;aperture&quot;:&quot;0&quot;,&quot;credit&quot;:&quot;&quot;,&quot;camera&quot;:&quot;&quot;,&quot;caption&quot;:&quot;&quot;,&quot;created_timestamp&quot;:&quot;0&quot;,&quot;copyright&quot;:&quot;&quot;,&quot;focal_length&quot;:&quot;0&quot;,&quot;iso&quot;:&quot;0&quot;,&quot;shutter_speed&quot;:&quot;0&quot;,&quot;title&quot;:&quot;&quot;,&quot;orientation&quot;:&quot;0&quot;}\" data-image-title=\"liedel-dsc1346-43-v02-2560&#215;1707\" data-image-description=\"\" data-image-caption=\"\" data-medium-file=\"https:\/\/i0.wp.com\/www.filmsoundsweden.se\/wordpress\/wp-content\/uploads\/2020\/06\/liedel-dsc1346-43-v02-2560x1707-1.jpg?fit=850%2C478&amp;ssl=1\" data-large-file=\"https:\/\/i0.wp.com\/www.filmsoundsweden.se\/wordpress\/wp-content\/uploads\/2020\/06\/liedel-dsc1346-43-v02-2560x1707-1.jpg?fit=1020%2C574&amp;ssl=1\" \/>\t\t\t\t\t\t\n\t\t\t\t\t<\/div>\n\t\t\t\t\t\t\t\t\n<style>\n#image_1362988551 {\n  width: 100%;\n}\n<\/style>\n\t<\/div>\n\t\n\n<p><span style=\"font-size: 85%;\">BERLIN, 22nd of Sept. 2019, EFSI meeting #1 (photo by Florian Liedel \u00a9) From left to right<\/span><br \/><span style=\"font-size: 85%;\">1st row: Th\u00e9o Serror, Laurent Zeilig (France) Kirsten Kunhardt, Christoph Oertel (Germany) Philipp Mosser, Bernhard Bamberger (Austria)<\/span><br \/><span style=\"font-size: 85%;\">2nd row: Carl Edstr\u00f6m (Sweden) Andrew Wilson (United Kingdom) Jan Illing, Oswald Schwander (Switzerland)<\/span><\/p>\n\n\t\t<\/div>\n\t\t\t\t\t<\/div>\n\n\t\n\n\t<div id=\"col-618201224\" class=\"col medium-4 small-12 large-4\"  >\n\t\t\t\t<div class=\"col-inner\"  >\n\t\t\t\n\t\t\t\n\n<div id=\"tw-target-text-container\" class=\"tw-ta-container hide-focus-ring tw-nfl\" tabindex=\"0\">\n<p id=\"tw-target-text\" class=\"tw-data-text tw-text-large XcVN5d tw-ta lead\" dir=\"ltr\" data-placeholder=\"\u00d6vers\u00e4ttning\"><span lang=\"sv\">European Film Sound Initiative grundades i Wien i mars 2019 med m\u00e5let att n\u00e4tverka professionella filmljudf\u00f6reningar i Europa och utforska m\u00f6jligheterna att etablera en internationell filmljudparaplyf\u00f6rening. Det f\u00f6rsta m\u00f6tet \u00e4gde rum i Berlin i september 2019 och deltog gjorde delegater fr\u00e5n \u00d6sterrike, Tyskland, Storbritannien, Frankrike, Sverige och Schweiz.<\/span><\/p>\n<\/div>\n<div class=\"iYB33c\">\n<div id=\"tw-tmenu\" class=\"tw-menu\">\u00a0<\/div>\n<\/div>\n<div id=\"tw-images\">\u00a0<\/div>\n<div class=\"dURPtb\">\n<div>\n<div>\u00a0<\/div>\n<\/div>\n<\/div>\n<p class=\"lead\">\u00a0<\/p>\n<p class=\"lead\"><span style=\"font-size: 100%;\">L\u00e4s mer:<\/span><\/p>\n\t<div class=\"img has-hover x md-x lg-x y md-y lg-y\" id=\"image_345085366\">\n\t\t<a class=\"\" href=\"http:\/\/www.european-filmsound.eu\" target=\"_blank\" rel=\"noopener\" >\t\t\t\t\t\t<div class=\"img-inner dark\" >\n\t\t\t<img loading=\"lazy\" decoding=\"async\" width=\"1020\" height=\"247\" src=\"https:\/\/i0.wp.com\/www.filmsoundsweden.se\/wordpress\/wp-content\/uploads\/2020\/03\/EFSI.png?fit=1020%2C247&amp;ssl=1\" class=\"attachment-large size-large\" alt=\"\" data-attachment-id=\"1867\" data-permalink=\"https:\/\/www.filmsoundsweden.se\/wordpress\/efsi\/\" data-orig-file=\"https:\/\/i0.wp.com\/www.filmsoundsweden.se\/wordpress\/wp-content\/uploads\/2020\/03\/EFSI.png?fit=1582%2C290&amp;ssl=1\" data-orig-size=\"1582,290\" data-comments-opened=\"0\" data-image-meta=\"{&quot;aperture&quot;:&quot;0&quot;,&quot;credit&quot;:&quot;&quot;,&quot;camera&quot;:&quot;&quot;,&quot;caption&quot;:&quot;&quot;,&quot;created_timestamp&quot;:&quot;0&quot;,&quot;copyright&quot;:&quot;&quot;,&quot;focal_length&quot;:&quot;0&quot;,&quot;iso&quot;:&quot;0&quot;,&quot;shutter_speed&quot;:&quot;0&quot;,&quot;title&quot;:&quot;&quot;,&quot;orientation&quot;:&quot;0&quot;}\" data-image-title=\"EFSI\" data-image-description=\"\" data-image-caption=\"\" data-medium-file=\"https:\/\/i0.wp.com\/www.filmsoundsweden.se\/wordpress\/wp-content\/uploads\/2020\/03\/EFSI.png?fit=850%2C290&amp;ssl=1\" data-large-file=\"https:\/\/i0.wp.com\/www.filmsoundsweden.se\/wordpress\/wp-content\/uploads\/2020\/03\/EFSI.png?fit=1020%2C247&amp;ssl=1\" \/>\t\t\t\t\t\t\n\t\t\t\t\t<\/div>\n\t\t\t\t\t\t<\/a>\t\t\n<style>\n#image_345085366 {\n  width: 87%;\n}\n<\/style>\n\t<\/div>\n\t\n\n\n\t\t<\/div>\n\t\t\t\t\t<\/div>\n\n\t\n\n<\/div>\n\n\t\t<\/div>\n\n\t\t\n<style>\n#section_45813519 {\n  padding-top: 34px;\n  padding-bottom: 34px;\n  min-height: 300px;\n  background-color: rgb(245, 245, 245);\n}\n@media (min-width:850px) {\n  #section_45813519 {\n    padding-top: 57px;\n    padding-bottom: 57px;\n  }\n}\n<\/style>\n\t<\/section>\n\t\n\n\t<section class=\"section\" id=\"section_186861623\">\n\t\t<div class=\"section-bg fill\" >\n\t\t\t\t\t\t\t\t\t\n\t\t\t\n\n\t\t<\/div>\n\n\t\t\n\n\t\t<div class=\"section-content relative\">\n\t\t\t\n\n<h1 style=\"text-align: center;\"><span style=\"font-size: 120%;\">MEMBERS:<\/span><\/h1>\n\t<div id=\"gap-1939542794\" class=\"gap-element clearfix\" style=\"display:block; height:auto;\">\n\t\t\n<style>\n#gap-1939542794 {\n  padding-top: 30px;\n}\n<\/style>\n\t<\/div>\n\t\n\n<div class=\"row align-center\"  id=\"row-1885387046\">\n\n\n\t<div id=\"col-520732173\" class=\"col medium-4 small-9 large-4\"  >\n\t\t\t\t<div class=\"col-inner text-center\"  >\n\t\t\t\n\t\t\t\n\n\t<div class=\"img has-hover x md-x lg-x y md-y lg-y\" id=\"image_665380145\">\n\t\t<a class=\"\" href=\"http:\/\/www.voesd.at\/\" target=\"_blank\" rel=\"noopener\" >\t\t\t\t\t\t<div class=\"img-inner dark\" >\n\t\t\t<img loading=\"lazy\" decoding=\"async\" width=\"200\" height=\"64\" src=\"https:\/\/i0.wp.com\/www.filmsoundsweden.se\/wordpress\/wp-content\/uploads\/2020\/03\/filmtonaustria.png?fit=200%2C64&amp;ssl=1\" class=\"attachment-large size-large\" alt=\"\" data-attachment-id=\"1859\" data-permalink=\"https:\/\/www.filmsoundsweden.se\/wordpress\/filmtonaustria\/\" data-orig-file=\"https:\/\/i0.wp.com\/www.filmsoundsweden.se\/wordpress\/wp-content\/uploads\/2020\/03\/filmtonaustria.png?fit=200%2C64&amp;ssl=1\" data-orig-size=\"200,64\" data-comments-opened=\"0\" data-image-meta=\"{&quot;aperture&quot;:&quot;0&quot;,&quot;credit&quot;:&quot;&quot;,&quot;camera&quot;:&quot;&quot;,&quot;caption&quot;:&quot;&quot;,&quot;created_timestamp&quot;:&quot;0&quot;,&quot;copyright&quot;:&quot;&quot;,&quot;focal_length&quot;:&quot;0&quot;,&quot;iso&quot;:&quot;0&quot;,&quot;shutter_speed&quot;:&quot;0&quot;,&quot;title&quot;:&quot;&quot;,&quot;orientation&quot;:&quot;0&quot;}\" data-image-title=\"filmtonaustria\" data-image-description=\"\" data-image-caption=\"\" data-medium-file=\"https:\/\/i0.wp.com\/www.filmsoundsweden.se\/wordpress\/wp-content\/uploads\/2020\/03\/filmtonaustria.png?fit=200%2C64&amp;ssl=1\" data-large-file=\"https:\/\/i0.wp.com\/www.filmsoundsweden.se\/wordpress\/wp-content\/uploads\/2020\/03\/filmtonaustria.png?fit=200%2C64&amp;ssl=1\" \/>\t\t\t\t\t\t\n\t\t\t\t\t<\/div>\n\t\t\t\t\t\t<\/a>\t\t\n<style>\n#image_665380145 {\n  width: 51%;\n}\n<\/style>\n\t<\/div>\n\t\n\n<h6>BERUFSVEREINIGUNG DER<br \/>\u00d6STERR. FILMTONSCHAFFENDEN<\/h6>\n\n\t\t<\/div>\n\t\t\t\t\t<\/div>\n\n\t\n\n\t<div id=\"col-1584668746\" class=\"col medium-3 small-10 large-3\"  >\n\t\t\t\t<div class=\"col-inner text-center\"  >\n\t\t\t\n\t\t\t\n\n\t<div class=\"img has-hover x md-x lg-x y md-y lg-y\" id=\"image_716956926\">\n\t\t<a class=\"\" href=\"http:\/\/www.amps.net\" target=\"_blank\" rel=\"noopener\" >\t\t\t\t\t\t<div class=\"img-inner dark\" >\n\t\t\t<img loading=\"lazy\" decoding=\"async\" width=\"400\" height=\"400\" src=\"https:\/\/i0.wp.com\/www.filmsoundsweden.se\/wordpress\/wp-content\/uploads\/2020\/03\/amps.jpg?fit=400%2C400&amp;ssl=1\" class=\"attachment-large size-large\" alt=\"\" data-attachment-id=\"1856\" data-permalink=\"https:\/\/www.filmsoundsweden.se\/wordpress\/amps\/\" data-orig-file=\"https:\/\/i0.wp.com\/www.filmsoundsweden.se\/wordpress\/wp-content\/uploads\/2020\/03\/amps.jpg?fit=400%2C400&amp;ssl=1\" data-orig-size=\"400,400\" data-comments-opened=\"0\" data-image-meta=\"{&quot;aperture&quot;:&quot;0&quot;,&quot;credit&quot;:&quot;&quot;,&quot;camera&quot;:&quot;&quot;,&quot;caption&quot;:&quot;&quot;,&quot;created_timestamp&quot;:&quot;0&quot;,&quot;copyright&quot;:&quot;&quot;,&quot;focal_length&quot;:&quot;0&quot;,&quot;iso&quot;:&quot;0&quot;,&quot;shutter_speed&quot;:&quot;0&quot;,&quot;title&quot;:&quot;&quot;,&quot;orientation&quot;:&quot;0&quot;}\" data-image-title=\"amps\" data-image-description=\"\" data-image-caption=\"\" data-medium-file=\"https:\/\/i0.wp.com\/www.filmsoundsweden.se\/wordpress\/wp-content\/uploads\/2020\/03\/amps.jpg?fit=400%2C400&amp;ssl=1\" data-large-file=\"https:\/\/i0.wp.com\/www.filmsoundsweden.se\/wordpress\/wp-content\/uploads\/2020\/03\/amps.jpg?fit=400%2C400&amp;ssl=1\" \/>\t\t\t\t\t\t\n\t\t\t\t\t<\/div>\n\t\t\t\t\t\t<\/a>\t\t\n<style>\n#image_716956926 {\n  width: 68%;\n}\n<\/style>\n\t<\/div>\n\t\n\n<h6><strong>The Association of Motion Picture Sound<\/strong><\/h6>\n\n\t\t<\/div>\n\t\t\t\t\t<\/div>\n\n\t\n\n\t<div id=\"col-1620165459\" class=\"col medium-4 small-8 large-4\"  >\n\t\t\t\t<div class=\"col-inner text-center\"  >\n\t\t\t\n\t\t\t\n\n\t<div id=\"gap-1236190155\" class=\"gap-element clearfix\" style=\"display:block; height:auto;\">\n\t\t\n<style>\n#gap-1236190155 {\n  padding-top: 30px;\n}\n<\/style>\n\t<\/div>\n\t\n\n\t<div class=\"img has-hover x md-x lg-x y md-y lg-y\" id=\"image_106343724\">\n\t\t<a class=\"\" href=\"https:\/\/www.bvft.de\/association\/about-the-bvft\/?lang=en\" target=\"_blank\" rel=\"noopener\" >\t\t\t\t\t\t<div class=\"img-inner dark\" >\n\t\t\t<img loading=\"lazy\" decoding=\"async\" width=\"424\" height=\"101\" src=\"https:\/\/i0.wp.com\/www.filmsoundsweden.se\/wordpress\/wp-content\/uploads\/2020\/03\/BVFT.png?fit=424%2C101&amp;ssl=1\" class=\"attachment-large size-large\" alt=\"\" data-attachment-id=\"1862\" data-permalink=\"https:\/\/www.filmsoundsweden.se\/wordpress\/bvft\/\" data-orig-file=\"https:\/\/i0.wp.com\/www.filmsoundsweden.se\/wordpress\/wp-content\/uploads\/2020\/03\/BVFT.png?fit=424%2C101&amp;ssl=1\" data-orig-size=\"424,101\" data-comments-opened=\"0\" data-image-meta=\"{&quot;aperture&quot;:&quot;0&quot;,&quot;credit&quot;:&quot;&quot;,&quot;camera&quot;:&quot;&quot;,&quot;caption&quot;:&quot;&quot;,&quot;created_timestamp&quot;:&quot;0&quot;,&quot;copyright&quot;:&quot;&quot;,&quot;focal_length&quot;:&quot;0&quot;,&quot;iso&quot;:&quot;0&quot;,&quot;shutter_speed&quot;:&quot;0&quot;,&quot;title&quot;:&quot;&quot;,&quot;orientation&quot;:&quot;0&quot;}\" data-image-title=\"BVFT\" data-image-description=\"\" data-image-caption=\"\" data-medium-file=\"https:\/\/i0.wp.com\/www.filmsoundsweden.se\/wordpress\/wp-content\/uploads\/2020\/03\/BVFT.png?fit=424%2C101&amp;ssl=1\" data-large-file=\"https:\/\/i0.wp.com\/www.filmsoundsweden.se\/wordpress\/wp-content\/uploads\/2020\/03\/BVFT.png?fit=424%2C101&amp;ssl=1\" \/>\t\t\t\t\t\t\n\t\t\t\t\t<\/div>\n\t\t\t\t\t\t<\/a>\t\t\n<style>\n#image_106343724 {\n  width: 66%;\n}\n<\/style>\n\t<\/div>\n\t\n\n<h6>The German Association for Film Sound Professionals<\/h6>\n\n\t\t<\/div>\n\t\t\t\t\t<\/div>\n\n\t\n\n\t<div id=\"col-2015510417\" class=\"col medium-4 small-11 large-4\"  >\n\t\t\t\t<div class=\"col-inner text-center\"  >\n\t\t\t\n\t\t\t\n\n\n\t\t<\/div>\n\t\t\t\t\n<style>\n#col-2015510417 > .col-inner {\n  padding: 27px 0px 0px 0px;\n  margin: 0px 0px 13px 0px;\n}\n<\/style>\n\t<\/div>\n\n\t\n\n\t<div id=\"col-1882434336\" class=\"col medium-4 small-9 large-4\"  >\n\t\t\t\t<div class=\"col-inner text-center\"  >\n\t\t\t\n\t\t\t\n\n\t<div class=\"img has-hover x md-x lg-x y md-y lg-y\" id=\"image_712514552\">\n\t\t<a class=\"\" href=\"https:\/\/www.ssfv.ch\/\" target=\"_blank\" rel=\"noopener\" >\t\t\t\t\t\t<div class=\"img-inner dark\" style=\"margin:-34px 0px -8px 0px;\">\n\t\t\t<img loading=\"lazy\" decoding=\"async\" width=\"260\" height=\"110\" src=\"https:\/\/i0.wp.com\/www.filmsoundsweden.se\/wordpress\/wp-content\/uploads\/2020\/03\/ssfv.png?fit=260%2C110&amp;ssl=1\" class=\"attachment-large size-large\" alt=\"\" data-attachment-id=\"1865\" data-permalink=\"https:\/\/www.filmsoundsweden.se\/wordpress\/ssfv\/\" data-orig-file=\"https:\/\/i0.wp.com\/www.filmsoundsweden.se\/wordpress\/wp-content\/uploads\/2020\/03\/ssfv.png?fit=260%2C110&amp;ssl=1\" data-orig-size=\"260,110\" data-comments-opened=\"0\" data-image-meta=\"{&quot;aperture&quot;:&quot;0&quot;,&quot;credit&quot;:&quot;&quot;,&quot;camera&quot;:&quot;&quot;,&quot;caption&quot;:&quot;&quot;,&quot;created_timestamp&quot;:&quot;0&quot;,&quot;copyright&quot;:&quot;&quot;,&quot;focal_length&quot;:&quot;0&quot;,&quot;iso&quot;:&quot;0&quot;,&quot;shutter_speed&quot;:&quot;0&quot;,&quot;title&quot;:&quot;&quot;,&quot;orientation&quot;:&quot;0&quot;}\" data-image-title=\"ssfv\" data-image-description=\"\" data-image-caption=\"\" data-medium-file=\"https:\/\/i0.wp.com\/www.filmsoundsweden.se\/wordpress\/wp-content\/uploads\/2020\/03\/ssfv.png?fit=260%2C110&amp;ssl=1\" data-large-file=\"https:\/\/i0.wp.com\/www.filmsoundsweden.se\/wordpress\/wp-content\/uploads\/2020\/03\/ssfv.png?fit=260%2C110&amp;ssl=1\" \/>\t\t\t\t\t\t\n\t\t\t\t\t<\/div>\n\t\t\t\t\t\t<\/a>\t\t\n<style>\n#image_712514552 {\n  width: 51%;\n}\n<\/style>\n\t<\/div>\n\t\n\n<h6 id=\"page_title\" class=\"page_title\"><span class=\"first_word\">BERUFSVERBAND<\/span>&nbsp;&#8211; SSFV SCHWEIZER SYNDIKAT FILM UND VIDEO<\/h6>\n\n\t\t<\/div>\n\t\t\t\t\n<style>\n#col-1882434336 > .col-inner {\n  padding: 45px 0px 0px 0px;\n}\n<\/style>\n\t<\/div>\n\n\t\n\n\t<div id=\"col-366599754\" class=\"col medium-4 small-10 large-4\"  >\n\t\t\t\t<div class=\"col-inner text-center\"  >\n\t\t\t\n\t\t\t\n\n\t<div class=\"img has-hover x md-x lg-x y md-y lg-y\" id=\"image_1251950254\">\n\t\t\t\t\t\t\t\t<div class=\"img-inner image-cover dark\" style=\"padding-top:14%;\">\n\t\t\t<img loading=\"lazy\" decoding=\"async\" width=\"400\" height=\"56\" src=\"https:\/\/i0.wp.com\/www.filmsoundsweden.se\/wordpress\/wp-content\/uploads\/2020\/06\/FSS-banner-C-400.png?fit=400%2C56&amp;ssl=1\" class=\"attachment-large size-large\" alt=\"\" data-attachment-id=\"1894\" data-permalink=\"https:\/\/www.filmsoundsweden.se\/wordpress\/fss-banner-c-400\/\" data-orig-file=\"https:\/\/i0.wp.com\/www.filmsoundsweden.se\/wordpress\/wp-content\/uploads\/2020\/06\/FSS-banner-C-400.png?fit=400%2C56&amp;ssl=1\" data-orig-size=\"400,56\" data-comments-opened=\"0\" data-image-meta=\"{&quot;aperture&quot;:&quot;0&quot;,&quot;credit&quot;:&quot;&quot;,&quot;camera&quot;:&quot;&quot;,&quot;caption&quot;:&quot;&quot;,&quot;created_timestamp&quot;:&quot;0&quot;,&quot;copyright&quot;:&quot;&quot;,&quot;focal_length&quot;:&quot;0&quot;,&quot;iso&quot;:&quot;0&quot;,&quot;shutter_speed&quot;:&quot;0&quot;,&quot;title&quot;:&quot;&quot;,&quot;orientation&quot;:&quot;0&quot;}\" data-image-title=\"FSS-banner-C-400\" data-image-description=\"\" data-image-caption=\"\" data-medium-file=\"https:\/\/i0.wp.com\/www.filmsoundsweden.se\/wordpress\/wp-content\/uploads\/2020\/06\/FSS-banner-C-400.png?fit=400%2C56&amp;ssl=1\" data-large-file=\"https:\/\/i0.wp.com\/www.filmsoundsweden.se\/wordpress\/wp-content\/uploads\/2020\/06\/FSS-banner-C-400.png?fit=400%2C56&amp;ssl=1\" \/>\t\t\t\t\t\t\n\t\t\t\t\t<\/div>\n\t\t\t\t\t\t\t\t\n<style>\n#image_1251950254 {\n  width: 100%;\n}\n<\/style>\n\t<\/div>\n\t\n\n\n\t\t<\/div>\n\t\t\t\t\n<style>\n#col-366599754 > .col-inner {\n  padding: 0px 0px 18px 0px;\n  margin: 32px 0px 26px -3px;\n}\n<\/style>\n\t<\/div>\n\n\t\n\n<\/div>\n\n\t\t<\/div>\n\n\t\t\n<style>\n#section_186861623 {\n  padding-top: 51px;\n  padding-bottom: 51px;\n  background-color: rgb(245, 245, 245);\n}\n<\/style>\n\t<\/section>\n\t\n\n","protected":false},"excerpt":{"rendered":"","protected":false},"author":5,"featured_media":0,"parent":0,"menu_order":0,"comment_status":"closed","ping_status":"closed","template":"page-blank.php","meta":{"jetpack_post_was_ever_published":false,"footnotes":""},"folder":[78],"class_list":["post-1845","page","type-page","status-publish","hentry"],"jetpack_shortlink":"https:\/\/wp.me\/P247AI-tL","jetpack_sharing_enabled":true,"jetpack_likes_enabled":true,"jetpack-related-posts":[],"_links":{"self":[{"href":"https:\/\/www.filmsoundsweden.se\/wordpress\/index.php\/wp-json\/wp\/v2\/pages\/1845","targetHints":{"allow":["GET"]}}],"collection":[{"href":"https:\/\/www.filmsoundsweden.se\/wordpress\/index.php\/wp-json\/wp\/v2\/pages"}],"about":[{"href":"https:\/\/www.filmsoundsweden.se\/wordpress\/index.php\/wp-json\/wp\/v2\/types\/page"}],"author":[{"embeddable":true,"href":"https:\/\/www.filmsoundsweden.se\/wordpress\/index.php\/wp-json\/wp\/v2\/users\/5"}],"replies":[{"embeddable":true,"href":"https:\/\/www.filmsoundsweden.se\/wordpress\/index.php\/wp-json\/wp\/v2\/comments?post=1845"}],"version-history":[{"count":45,"href":"https:\/\/www.filmsoundsweden.se\/wordpress\/index.php\/wp-json\/wp\/v2\/pages\/1845\/revisions"}],"predecessor-version":[{"id":2353,"href":"https:\/\/www.filmsoundsweden.se\/wordpress\/index.php\/wp-json\/wp\/v2\/pages\/1845\/revisions\/2353"}],"wp:attachment":[{"href":"https:\/\/www.filmsoundsweden.se\/wordpress\/index.php\/wp-json\/wp\/v2\/media?parent=1845"}],"wp:term":[{"taxonomy":"folder","embeddable":true,"href":"https:\/\/www.filmsoundsweden.se\/wordpress\/index.php\/wp-json\/wp\/v2\/folder?post=1845"}],"curies":[{"name":"wp","href":"https:\/\/api.w.org\/{rel}","templated":true}]}}